{"id":2544,"date":"2023-06-12T14:51:20","date_gmt":"2023-06-12T12:51:20","guid":{"rendered":"https:\/\/chezbobbnb.com\/?page_id=2544"},"modified":"2023-06-18T18:39:27","modified_gmt":"2023-06-18T16:39:27","slug":"home","status":"publish","type":"page","link":"https:\/\/chezbobbnb.com\/","title":{"rendered":""},"content":{"rendered":"<p>[vc_row][vc_column][\/vc_column][\/vc_row][vc_row][vc_column][vc_column_text]<\/p>\n<div class=\"entry-content\">\n<p><strong>\u00ab\u00a0Chez Bob\u00a0\u00bb c&rsquo;est un concept cr\u00e9\u00e9 autour du v\u00e9lo pour les passionn\u00e9s de v\u00e9lo toute l&rsquo;ann\u00e9e.<\/strong><\/p>\n<p>Au programme: des cours de VTT et de VTTAE : en d\u00e9couverte initiation, perfectionnement, performance en DH, coaching ,enduro, freeride, et m\u00eame du VTT sur neige en descente!<br \/>\nPassionn\u00e9 de VTT depuis mon enfance, je vous ferai d\u00e9couvrir les singles de l\u2019Oisans avec mon minibus 9 places.<br \/>\n<img loading=\"lazy\" class=\"wp-image-2905 alignleft\" src=\"http:\/\/chezbobbnb.com\/wp-content\/uploads\/2023\/06\/20210610_172554-300x146.jpg\" alt=\"\" width=\"704\" height=\"343\" srcset=\"https:\/\/chezbobbnb.com\/wp-content\/uploads\/2023\/06\/20210610_172554-300x146.jpg 300w, https:\/\/chezbobbnb.com\/wp-content\/uploads\/2023\/06\/20210610_172554-1024x498.jpg 1024w, https:\/\/chezbobbnb.com\/wp-content\/uploads\/2023\/06\/20210610_172554-768x373.jpg 768w, https:\/\/chezbobbnb.com\/wp-content\/uploads\/2023\/06\/20210610_172554-1536x747.jpg 1536w, https:\/\/chezbobbnb.com\/wp-content\/uploads\/2023\/06\/20210610_172554-2048x996.jpg 2048w\" sizes=\"(max-width: 704px) 100vw, 704px\" \/><\/p>\n<p>Que vous soyez d\u00e9butant, passionn\u00e9 de VTT en qu\u00eate d\u2019adr\u00e9naline ou d\u00e9j\u00e0 expert, je peux vous accompagner sur le Bike Park des 2Alpes l&rsquo;\u00e9t\u00e9 et sur des sites paradisiaques autour du Freney-d\u2019Oisans le reste de l&rsquo;ann\u00e9e.<br \/>\nJ&rsquo;accueille aussi les associations, les groupes : s\u00e9minaires, \u00e9v\u00e8nements familiaux festifs (enterrement de vie de c\u00e9libataire)&#8230; avec des formules sur mesure.<\/p>\n<p>Contactez moi pour un devis en fonction de vos envies.<\/p>\n<p>Je suis situ\u00e9 au c\u0153ur du \u00ab\u00a0Triangle d&rsquo;Or\u00a0\u00bb Alpe d&rsquo;Huez-Les 2Alpes- La Grave.<\/p>\n<p>J&rsquo;encadre aussi le club des minis Choucas aux 2Alpes afin de faire d\u00e9couvrir la discipline aux mini-riders.<br \/>\n<img loading=\"lazy\" class=\" wp-image-2918 alignleft\" src=\"http:\/\/chezbobbnb.com\/wp-content\/uploads\/2023\/06\/LLE07037-300x200.jpg\" alt=\"\" width=\"704\" height=\"469\" srcset=\"https:\/\/chezbobbnb.com\/wp-content\/uploads\/2023\/06\/LLE07037-300x200.jpg 300w, https:\/\/chezbobbnb.com\/wp-content\/uploads\/2023\/06\/LLE07037-1024x683.jpg 1024w, https:\/\/chezbobbnb.com\/wp-content\/uploads\/2023\/06\/LLE07037-768x512.jpg 768w, https:\/\/chezbobbnb.com\/wp-content\/uploads\/2023\/06\/LLE07037-1536x1024.jpg 1536w, https:\/\/chezbobbnb.com\/wp-content\/uploads\/2023\/06\/LLE07037-2048x1365.jpg 2048w\" sizes=\"(max-width: 704px) 100vw, 704px\" \/>Vous pouvez me retrouver chez \u00ab\u00a0La Skirie Fox corner\u00a0\u00bb et \u00ab\u00a0Jacques Sports\u00a0\u00bb aux 2Alpes et pour la location des v\u00e9los en b\u00e9n\u00e9ficiant de 10% de remise!<\/p>\n<p>\u00ab\u00a0Chez Bob\u00a0\u00bb c\u2019est aussi diff\u00e9rentes formules de vacances \u00ab V\u00e9lo \u00bb dans un lodge tout confort. Un lieu unique pour les passionn\u00e9s de v\u00e9lo sous toutes ses formes ! Vous serez plong\u00e9s dans mon univers : d\u00e9co VTT, v\u00e9los vintage expos\u00e9s de-ci-de-l\u00e0, collection de VTT magazine \u00e0 disposition au coin lecture\u2026convivialit\u00e9 assur\u00e9e ! Cerise sur le v\u00e9lo le jaccuzi sur la terrasse et le sauna du pur bonheur!<\/p>\n<p>Enfin, sur r\u00e9servation, ma table d\u2019h\u00f4tes saura ravir vos papilles avec une cuisine traditionnelle fran\u00e7aise qui vous permettra de recharger vos batteries!<\/p>\n<\/div>\n<p>[\/vc_column_text][\/vc_column][\/vc_row]<\/p>\n","protected":false},"excerpt":{"rendered":"<p>[vc_row][vc_column][\/vc_column][\/vc_row][vc_row][vc_column][vc_column_text] \u00ab\u00a0Chez Bob\u00a0\u00bb c&rsquo;est un concept cr\u00e9\u00e9 autour du v\u00e9lo pour les passionn\u00e9s de v\u00e9lo toute l&rsquo;ann\u00e9e. Au programme: des cours de VTT et de VTTAE : en d\u00e9couverte initiation,&#8230;<\/p>\n","protected":false},"author":1,"featured_media":0,"parent":0,"menu_order":0,"comment_status":"closed","ping_status":"closed","template":"","meta":[],"_links":{"self":[{"href":"https:\/\/chezbobbnb.com\/index.php?rest_route=\/wp\/v2\/pages\/2544"}],"collection":[{"href":"https:\/\/chezbobbnb.com\/index.php?rest_route=\/wp\/v2\/pages"}],"about":[{"href":"https:\/\/chezbobbnb.com\/index.php?rest_route=\/wp\/v2\/types\/page"}],"author":[{"embeddable":true,"href":"https:\/\/chezbobbnb.com\/index.php?rest_route=\/wp\/v2\/users\/1"}],"replies":[{"embeddable":true,"href":"https:\/\/chezbobbnb.com\/index.php?rest_route=%2Fwp%2Fv2%2Fcomments&post=2544"}],"version-history":[{"count":32,"href":"https:\/\/chezbobbnb.com\/index.php?rest_route=\/wp\/v2\/pages\/2544\/revisions"}],"predecessor-version":[{"id":2558,"href":"https:\/\/chezbobbnb.com\/index.php?rest_route=\/wp\/v2\/pages\/2544\/revisions\/2558"}],"wp:attachment":[{"href":"https:\/\/chezbobbnb.com\/index.php?rest_route=%2Fwp%2Fv2%2Fmedia&parent=2544"}],"curies":[{"name":"wp","href":"https:\/\/api.w.org\/{rel}","templated":true}]}}