{"id":2614,"date":"2023-06-12T19:50:29","date_gmt":"2023-06-12T17:50:29","guid":{"rendered":"https:\/\/chezbobbnb.com\/?page_id=2614"},"modified":"2024-01-30T16:25:58","modified_gmt":"2024-01-30T15:25:58","slug":"ou-me-trouver","status":"publish","type":"page","link":"https:\/\/chezbobbnb.com\/?page_id=2614","title":{"rendered":"OU ME TROUVER"},"content":{"rendered":"<p>Contactez moi par mail:\u00a0 <strong>laurent2alpes@hotmail.fr<\/strong><br \/>ou par telephone: <strong>06 79 26 52 97<\/strong><\/p>\n<p><img loading=\"lazy\" class=\"alignnone size-full wp-image-3031\" src=\"http:\/\/chezbobbnb.com\/wp-content\/uploads\/2024\/01\/rdv2.jpg\" alt=\"\" width=\"1154\" height=\"766\" srcset=\"https:\/\/chezbobbnb.com\/wp-content\/uploads\/2024\/01\/rdv2.jpg 1154w, https:\/\/chezbobbnb.com\/wp-content\/uploads\/2024\/01\/rdv2-300x199.jpg 300w, https:\/\/chezbobbnb.com\/wp-content\/uploads\/2024\/01\/rdv2-1024x680.jpg 1024w, https:\/\/chezbobbnb.com\/wp-content\/uploads\/2024\/01\/rdv2-768x510.jpg 768w\" sizes=\"(max-width: 1154px) 100vw, 1154px\" \/><\/p>\n\n\n<figure class=\"wp-block-image size-large\"><img loading=\"lazy\" width=\"1024\" height=\"573\" src=\"http:\/\/chezbobbnb.com\/wp-content\/uploads\/2023\/06\/plan3-1024x573.jpg\" alt=\"\" class=\"wp-image-2988\" srcset=\"https:\/\/chezbobbnb.com\/wp-content\/uploads\/2023\/06\/plan3-1024x573.jpg 1024w, https:\/\/chezbobbnb.com\/wp-content\/uploads\/2023\/06\/plan3-300x168.jpg 300w, https:\/\/chezbobbnb.com\/wp-content\/uploads\/2023\/06\/plan3-768x430.jpg 768w, https:\/\/chezbobbnb.com\/wp-content\/uploads\/2023\/06\/plan3.jpg 1154w\" sizes=\"(max-width: 1024px) 100vw, 1024px\" \/><\/figure>\n\n\n\n<figure class=\"wp-block-image size-large\"><img loading=\"lazy\" width=\"1024\" height=\"608\" src=\"http:\/\/chezbobbnb.com\/wp-content\/uploads\/2023\/06\/triangle3-1024x608.jpg\" alt=\"\" class=\"wp-image-2987\" srcset=\"https:\/\/chezbobbnb.com\/wp-content\/uploads\/2023\/06\/triangle3-1024x608.jpg 1024w, https:\/\/chezbobbnb.com\/wp-content\/uploads\/2023\/06\/triangle3-300x178.jpg 300w, https:\/\/chezbobbnb.com\/wp-content\/uploads\/2023\/06\/triangle3-768x456.jpg 768w, https:\/\/chezbobbnb.com\/wp-content\/uploads\/2023\/06\/triangle3.jpg 1053w\" sizes=\"(max-width: 1024px) 100vw, 1024px\" \/><\/figure>\n\n\n\n<div class=\"wp-block-media-text alignwide is-stacked-on-mobile is-image-fill\"><figure class=\"wp-block-media-text__media\" style=\"background-image:url(https:\/\/chezbobbnb.com\/wp-content\/uploads\/2023\/06\/5814169-diaporama-1024x576.jpg);background-position:50% 50%\"><img loading=\"lazy\" width=\"1024\" height=\"576\" src=\"https:\/\/chezbobbnb.com\/wp-content\/uploads\/2023\/06\/5814169-diaporama-1024x576.jpg\" alt=\"\" class=\"wp-image-2710 size-full\" srcset=\"https:\/\/chezbobbnb.com\/wp-content\/uploads\/2023\/06\/5814169-diaporama-1024x576.jpg 1024w, https:\/\/chezbobbnb.com\/wp-content\/uploads\/2023\/06\/5814169-diaporama-300x169.jpg 300w, https:\/\/chezbobbnb.com\/wp-content\/uploads\/2023\/06\/5814169-diaporama-768x432.jpg 768w, https:\/\/chezbobbnb.com\/wp-content\/uploads\/2023\/06\/5814169-diaporama-1536x864.jpg 1536w, https:\/\/chezbobbnb.com\/wp-content\/uploads\/2023\/06\/5814169-diaporama.jpg 1600w\" sizes=\"(max-width: 1024px) 100vw, 1024px\" \/><\/figure><div class=\"wp-block-media-text__content\">\n<p><br><strong>Services<\/strong>:<br>Parking \/ Garage, Acc\u00e8s Internet wifi, Espace d\u00e9tente \/ Bien-\u00eatre<\/p>\n\n\n\n<p><strong>Ouvertures:<\/strong> <br>Toute l&rsquo;ann\u00e9e.<\/p>\n\n\n\n<p><strong>Tarifs:<\/strong><br>Repas : \u00e0 partir de 15 \u20ac<br>Nuit\u00e9e : \u00e0 partir de 69 \u20ac.<\/p>\n<\/div><\/div>\n\n\n\n<figure class=\"wp-block-image size-large\"><img loading=\"lazy\" width=\"1024\" height=\"705\" src=\"https:\/\/chezbobbnb.com\/wp-content\/uploads\/2023\/06\/5158080_7985466-1024x705.jpg\" alt=\"\" class=\"wp-image-2714\" srcset=\"https:\/\/chezbobbnb.com\/wp-content\/uploads\/2023\/06\/5158080_7985466-1024x705.jpg 1024w, https:\/\/chezbobbnb.com\/wp-content\/uploads\/2023\/06\/5158080_7985466-300x206.jpg 300w, https:\/\/chezbobbnb.com\/wp-content\/uploads\/2023\/06\/5158080_7985466-768x529.jpg 768w, https:\/\/chezbobbnb.com\/wp-content\/uploads\/2023\/06\/5158080_7985466-1536x1057.jpg 1536w, https:\/\/chezbobbnb.com\/wp-content\/uploads\/2023\/06\/5158080_7985466-2048x1410.jpg 2048w\" sizes=\"(max-width: 1024px) 100vw, 1024px\" \/><\/figure>\n\n\n\n<p><\/p>\n","protected":false},"excerpt":{"rendered":"<p>Contactez moi par mail:\u00a0 laurent2alpes@hotmail.frou par telephone: 06 79 26 52 97 Services:Parking \/ Garage, Acc\u00e8s Internet wifi, Espace d\u00e9tente \/ Bien-\u00eatre Ouvertures: Toute l&rsquo;ann\u00e9e. Tarifs:Repas : \u00e0 partir de&#8230;<\/p>\n","protected":false},"author":1,"featured_media":0,"parent":0,"menu_order":0,"comment_status":"closed","ping_status":"closed","template":"","meta":[],"_links":{"self":[{"href":"https:\/\/chezbobbnb.com\/index.php?rest_route=\/wp\/v2\/pages\/2614"}],"collection":[{"href":"https:\/\/chezbobbnb.com\/index.php?rest_route=\/wp\/v2\/pages"}],"about":[{"href":"https:\/\/chezbobbnb.com\/index.php?rest_route=\/wp\/v2\/types\/page"}],"author":[{"embeddable":true,"href":"https:\/\/chezbobbnb.com\/index.php?rest_route=\/wp\/v2\/users\/1"}],"replies":[{"embeddable":true,"href":"https:\/\/chezbobbnb.com\/index.php?rest_route=%2Fwp%2Fv2%2Fcomments&post=2614"}],"version-history":[{"count":16,"href":"https:\/\/chezbobbnb.com\/index.php?rest_route=\/wp\/v2\/pages\/2614\/revisions"}],"predecessor-version":[{"id":3032,"href":"https:\/\/chezbobbnb.com\/index.php?rest_route=\/wp\/v2\/pages\/2614\/revisions\/3032"}],"wp:attachment":[{"href":"https:\/\/chezbobbnb.com\/index.php?rest_route=%2Fwp%2Fv2%2Fmedia&parent=2614"}],"curies":[{"name":"wp","href":"https:\/\/api.w.org\/{rel}","templated":true}]}}